se 8
-215
Convert -27135 (base 8) to base 16.
-2e5d
What is 16607 (base 8) in base 9?
11328
1322030 (base 4) to base 10
7820
52 (base 7) to base 8
45
Convert 341532 (base 6) to base 15.
8888
What is 361 (base 8) in base 3?
22221
-85a (base 12) to base 11
-a11
3030021 (base 4) to base 2
11001100001001
Convert 123013 (base 4) to base 10.
1735
-30482 (base 10) to base 3
-1112210222
Convert 10333 (base 4) to base 12.
227
Convert -1230222 (base 4) to base 10.
-6954
Convert -11100110100111 (base 2) to base 4.
-3212213
346 (base 13) to base 5
4230
Convert 10111011010001 (base 2) to base 11.
9006
109 (base 16) to base 11
221
-17407 (base 13) to base 15
-d34d
Convert -113113 (base 5) to base 9.
-5630
Convert -100100110 (base 2) to base 4.
-10212
What is -100001101110011 (base 2) in base 16?
-4373
What is -6466 (base 8) in base 12?
-1b5a
Convert 8920 (base 12) to base 2.
11101100101000
Convert 817 (base 14) to base 3.
2011212
5006 (base 13) to base 5
322431
What is -161324 (base 7) in base 2?
-111101111101001
-23d4 (base 15) to base 10
-7624
Convert -2535 (base 6) to base 2.
-1001111011
4f (base 16) to base 4
1033
-10323 (base 6) to base 15
-649
What is -230 (base 16) in base 14?
-2c0
-25454 (base 9) to base 7
-100654
-3370 (base 8) to base 13
-a73
20122210 (base 3) to base 5
123404
What is 12814 (base 13) in base 14?
c71a
Convert 2932 (base 12) to base 4.
1022312
Convert -cc3 (base 13) to base 16.
-88b
26a (base 12) to base 7
1036
-1211 (base 5) to base 7
-346
What is -491 (base 16) in base 12?
-815
Convert 2581 (base 13) to base 10.
5344
164c (base 14) to base 13
1a7a
-258 (base 11) to base 16
-131
Convert -2338 (base 11) to base 15.
-d96
What is -169c (base 13) in base 10?
-3340
Convert 492 (base 13) to base 16.
31b
What is 111000101101100 (base 2) in base 15?
890b
25727 (base 8) to base 9
16350
Convert -927 (base 16) to base 8.
-4447
Convert -268 (base 12) to base 11.
-305
What is 44110 (base 5) in base 10?
3030
Convert -6452 (base 8) to base 3.
-11121211
What is -1000001010000 (base 2) in base 3?
-12201200
244140 (base 5) to base 9
13667
-10300 (base 7) to base 10
-2548
Convert 210001 (base 3) to base 16.
238
What is -1101000100001101 (base 2) in base 3?
-2201102010
What is 1302344 (base 6) in base 16?
11398
Convert 16106 (base 10) to base 9.
24075
110010101001 (base 2) to base 15
e61
Convert 6a7b (base 15) to base 6.
252412
6d3 (base 14) to base 4
111101
Convert -744 (base 10) to base 16.
-2e8
What is 1973 (base 15) in base 7?
22026
-2062 (base 8) to base 7
-3063
What is -2035 (base 6) in base 8?
-707
Convert 1123 (base 6) to base 4.
10023
Convert 204412 (base 5) to base 4.
1223021
What is 15a0 (base 12) in base 7?
10326
Convert -175 (base 8) to base 2.
-1111101
Convert -b314 (base 12) to base 14.
-713a
13013 (base 4) to base 16
1c7
-4421 (base 9) to base 10
-3259
Convert 408 (base 15) to base 8.
1614
-220011 (base 5) to base 4
-1311102
What is 2545 (base 7) in base 10?
964
Convert -203133 (base 4) to base 7.
-6423
What is 414205 (base 6) in base 5?
2031331
20232 (base 8) to base 7
33222
What is 1344 (base 7) in base 10?
522
What is -418 (base 9) in base 3?
-110122
Convert 5315 (base 6) to base 13.
713
What is -323332 (base 4) in base 2?
-111011111110
Convert -5fe (base 16) to base 14.
-7b8
-21702 (base 8) to base 15
-2aa4
What is 35a (base 13) in base 8?
1106
What is -4008 (base 13) in base 6?
-104420
113121 (base 4) to base 2
10111011001
Convert -1a92 (base 13) to base 9.
-5441
274 (base 15) to base 14
2bd
What is -8505 (base 9) in base 13?
-2ac2
Convert 14424 (base 5) to base 6.
5423
What is 2875 (base 16) in base 15?
3107
What is 102523 (base 7) in base 16?
455b
Convert a27 (base 15) to base 2.
100011101111
Convert dc11 (base 14) to base 9.
57155
202201102 (base 3) to base 16
3b00
-651 (base 13) to base 2
-10000111000
-112 (base 13) to base 9
-224
What is -4256 (base 8) in base 14?
-b4a
What is 56 (base 16) in base 13?
68
4160 (base 12) to base 8
15730
What is 20103 (base 4) in base 14?
29d
What is -1001111101000 (base 2) in base 4?
-1033220
What is -2200 (base 4) in base 15?
-aa
Convert 2331 (base 7) to base 13.
50a
What is -1011210 (base 3) in base 2?
-1101011010
What is 17570 (base 8) in base 7?
32326
What is -4223 (base 9) in base 16?
-c1b
What is -22021012 (base 3) in base 7?
-23366
What is -2805 (base 16) in base 15?
-3080
What is -22063 (base 7) in base 3?
-21120221
What is 21332 (base 9) in base 12?
820b
-1584 (base 12) to base 4
-213310
Convert -504 (base 6) to base 8.
-270
What is 20646 (base 7) in base 3?
21001000
232 (base 9) to base 15
cb
What is 2110221 (base 3) in base 13?
a90
What is -469d (base 14) in base 5?
-343131
What is 11132 (base 12) in base 7?
123011
Convert b0a (base 12) to base 10.
1594
Convert 357 (base 12) to base 7.
1312
Convert -52244 (base 6) to base 7.
-26305
12132 (base 5) to base 10
917
-a341 (base 12) to base 4
-10111201
-58581 (base 10) to base 15
-12556
What is 102111 (base 5) in base 2?
110101001110
What is ac0d (base 14) in base 4?
13101231
Convert 1200003 (base 4) to base 11.
4689
-1155 (base 9) to base 15
-3c5
8359 (base 10) to base 11
630a
Convert 10024 (base 7) to base 2.
100101110011
What is 2123 (base 4) in base 3?
12202
Convert 3b4f (base 16) to base 14.
5767
Convert 102101220 (base 3) to base 4.
2001321
What is -28 (base 9) in base 10?
-26
What is -203223 (base 6) in base 12?
-9513
Convert -1c7b (base 13) to base 7.
-15421
-111011000010101 (base 2) to base 16
-7615
What is 1001 (base 5) in base 10?
126
What is -33201 (base 5) in base 8?
-4375
What is -1085 (base 9) in base 13?
-4a0
What is -11002201 (base 3) in base 9?
-4081
What is 83 (base 9) in base 6?
203
What is -2751 (base 14) in base 2?
-1101100010011
What is -1324 (base 13) in base 14?
-dd4
What is -20740 (base 11) in base 14?
-add3
Convert -10010 (base 6) to base 2.
-10100010110
Convert -10111000 (base 2) to base 8.
-270
13222 (base 5) to base 14
55c
-20431 (base 5) to base 6
-10154
Convert 212422 (base 5) to base 7.
30046
What is -4b7 (base 14) in base 2?
-1110110001
What is -10221 (base 4) in base 14?
-173
What is -5a4 (base 12) in base 4?
-31030
Convert 1c7 (base 16) to base 13.
290
What is 110212010 (base 3) in base 11?
7050
Convert 204103 (base 5) to base 2.
1101001111010
3243 (base 5) to base 2
111000000
29317 (base 10) to base 16
7285
What is 1331312 (base 4) in base 16?
1f76
What is -7713 (base 8) in base 9?
-5482
Convert 120201100 (base 3) to base 4.
2303001
What is 11111121 (base 3) in base 9?
4447
Convert -446021 (base 7) to base 2.
-10011010000111001
1535 (base 11) to base 15
8b9
129a (base 14) to base 6
23052
What is -2681 (base 9) in base 15?
-8e7
What is 22000 (base 4) in base 14?
33a
What is -318 (base 10) in base 13?
-1b6
Convert 346 (base 12) to base 13.
2b5
-2224 (base 10) to base 5
-32344
What is 433300 (base 5) in base 3?
202100002
3dc (base 14) to base 5
11112
Convert 1902 (base 13) to base 5.
104340
Convert -a55 (base 13) to base 15.
-7c5
21120310 (base 4) to base 5
2212302
16501 (base 16) to base 9
148327
-324 (base 11) to base 13
-23c
Convert 12881 (base 13) to base 9.
52175
-355 (base 14) to base 16
-297
10658 (base 9) to base 10
7100
Convert -65 (base 14) to base 13.
-6b
Convert -374 (base 10) to base 6.
-1422
Convert 2a21 (base 12) to base 4.
1030321
Convert 4e24 (base 16) to base 15.
5dd9
What is -2866 (base 10) in base 7?
-11233
Convert -313131 (base 4) to base 10.
-3549
What is -1517 (base 8) in base 11?
-700
Convert 421432 (base 5) to base 14.
5156
Convert 111000111 (base 2) to base 5.
3310
Convert 12072 (base 9) to base 10.
8084
Convert -1201213 (base 4) to base 15.
-1cb7
-737 (base 8) to base 5
-3404
-714 (base 9) to base 16
-244
Convert a318 (base 16) to base 8.
121430
Convert -32c1 (base 13) to base 3.
-100201110
What is 21004 (base 7) in base 10?
5149
What is 263 (base 14) in base 4?
13133
What is -23476 (base 8) in base 4?
-2130332
What is 459 (base 14) in base 4?
31133
Convert 11200020 (base 3) to base 4.
311100
What is -100785 (base 9) in base 5?
-3402233
Convert 1110022 (base 3) to base 15.
4ab
-1556 (base 9) to base 12
-829
What is 111110111110 (base 2) in base 14?
167c
What is 1100100 (base 2) in base 12?
84
Convert -39c (base 14) to base 10.
-726
Convert -1000101100000 (base 2) to base 7.
